16044 + 25?
-1601a
In base 9, what is -7823 - 23?
-7846
In base 5, what is -3240304 - -3?
-3240301
In base 6, what is 32420 + -112?
32304
In base 6, what is 11 - 42321?
-42310
In base 16, what is -2e28 - 4?
-2e2c
In base 13, what is -2 + 1a68?
1a66
In base 5, what is -300 + -2210?
-3010
In base 15, what is 1 - -165714?
165715
In base 12, what is 30b1 + 0?
30b1
In base 4, what is 21 - -101311?
101332
In base 3, what is 1 + -102200102020?
-102200102012
In base 9, what is -1358 + 166?
-1182
In base 9, what is -4 - 523465?
-523470
In base 6, what is -4 - -232212?
232204
In base 16, what is -1bab - -f?
-1b9c
In base 8, what is -10 - -377722?
377712
In base 14, what is 4071 + -12?
405d
In base 13, what is 14b1 - 7?
14a7
In base 14, what is -b - -2a60?
2a53
In base 4, what is -211301 + -11?
-211312
In base 3, what is 2110 - 10020?
-210
In base 7, what is 13 - -414136?
414152
In base 3, what is 1222 + -2121220?
-2112221
In base 8, what is 7 + -4257?
-4250
In base 4, what is 23 - -2112310?
2112333
In base 14, what is 7 + 633a?
6343
In base 15, what is 7d36 - -3a?
7d71
In base 16, what is -644da + 2?
-644d8
In base 10, what is 12 - 440?
-428
In base 13, what is -129ac + 4?
-129a8
In base 11, what is -26 - -1486?
1460
In base 7, what is 1 + 1050605?
1050606
In base 11, what is 2 + -77591?
-7758a
In base 4, what is 1123 - -21113?
22302
In base 8, what is -341 - -35?
-304
In base 7, what is -5112160 - -2?
-5112155
In base 8, what is 2673 - -121?
3014
In base 15, what is -1134 + -5?
-1139
In base 4, what is 1020322 + -110?
1020212
In base 5, what is -111331 - 222?
-112103
In base 15, what is 1 - 2b688?
-2b687
In base 8, what is 154 + -305?
-131
In base 10, what is 1842 - 29?
1813
In base 3, what is 20201110 - 121?
20200212
In base 2, what is 1000111010101 - -11110010?
1001011000111
In base 3, what is 1010 - 200202202?
-200201122
In base 2, what is 10011110110100001 - -110111?
10011110111011000
In base 13, what is 202095 + -1?
202094
In base 11, what is -112 + 17?
-a6
In base 3, what is -1112011210 + -200?
-1112012110
In base 13, what is -bc6 - 5?
-bcb
In base 4, what is -1013 - -1100?
21
In base 16, what is 2077 - 0?
2077
In base 3, what is 10 + -2122121010?
-2122121000
In base 9, what is -11 + -143734?
-143745
In base 6, what is 2014033 - -12?
2014045
In base 6, what is -35305 + 115?
-35150
In base 9, what is -3 - -784576?
784573
In base 13, what is -7621 + -5?
-7626
In base 9, what is -210 + 368?
158
In base 3, what is -120112 - -1202100?
1011211
In base 14, what is -163a16 - -2?
-163a14
In base 15, what is -3 + 1eae?
1eab
In base 11, what is -6732 - 4?
-6736
In base 9, what is 4603 - 7?
4585
In base 3, what is 21221010 + 2?
21221012
In base 15, what is -1e - -6c07?
6bd8
In base 7, what is 13321 - -16?
13340
In base 11, what is -2a19 - 6?
-2a24
In base 11, what is -27 - 62?
-89
In base 5, what is 33310 - 20402?
12403
In base 3, what is 0 - 2110220?
-2110220
In base 8, what is -523327 + -3?
-523332
In base 3, what is -11202121102 + -10?
-11202121112
In base 14, what is 3 - -4981?
4984
In base 15, what is 4 + 228?
22c
In base 15, what is -1 - -154a6?
154a5
In base 4, what is -32110 - 1211?
-33321
In base 10, what is 907973 - -2?
907975
In base 2, what is 10 + -10001100011011001?
-10001100011010111
In base 12, what is -b6 - -2652?
2558
In base 2, what is 100011001010 - 110110011?
11100010111
In base 16, what is 18d - -1e4?
371
In base 13, what is -320 - 197?
-4b7
In base 14, what is 1b + 5015?
5032
In base 5, what is -3131421 + -30?
-3132001
In base 10, what is -52115 - 3?
-52118
In base 7, what is -1233030 - 1?
-1233031
In base 9, what is 43 + -22483?
-22440
In base 5, what is -23042 + 124?
-22413
In base 5, what is -104 - 111113?
-111222
In base 15, what is -4 + 515?
511
In base 6, what is 4 - -5105455?
5105503
In base 15, what is -dc444 - -5?
-dc43e
In base 15, what is 2d0d6 + -5?
2d0d1
In base 14, what is -34d - -19?
-334
In base 10, what is -25448 + 0?
-25448
In base 8, what is 121621 - 71?
121530
In base 16, what is -d0 + -208?
-2d8
In base 2, what is -11110010101011101 + 110?
-11110010101010111
In base 10, what is 3 + 659799?
659802
In base 7, what is 565132 + -25?
565104
In base 14, what is 63cd - 3?
63ca
In base 6, what is -44514235 - 2?
-44514241
In base 12, what is -10b542 + -4?
-10b546
In base 15, what is -1e0 + -9b?
-28b
In base 12, what is 121 - b3b?
-a1a
In base 13, what is -120b - -b1?
-112a
In base 3, what is -1101110102 + 22020?
-1101011012
In base 11, what is 0 - 238285?
-238285
In base 14, what is 1 - -1922b?
1922c
In base 8, what is -4273 + 16?
-4255
In base 11, what is 12a4 + 30?
1324
In base 5, what is 4 + -2200432?
-2200423
In base 10, what is -9228856 - 0?
-9228856
In base 14, what is -18678a + 3?
-186787
In base 9, what is -86848 + 0?
-86848
In base 9, what is -306 - 477?
-784
In base 6, what is -32 + -10350553?
-10351025
In base 4, what is -23 + -231331?
-232020
In base 12, what is 46 + -2151?
-2107
In base 9, what is -17 + -15767?
-15785
In base 6, what is -120313 - -4?
-120305
In base 6, what is 30404 - -1540?
32344
In base 8, what is 4 - 211272?
-211266
In base 13, what is 5 + 3460?
3465
In base 11, what is 103513 - 5?
103509
In base 9, what is 56 - 524?
-457
In base 5, what is 10 - 2211242?
-2211232
In base 6, what is 1344003 - 24?
1343535
In base 14, what is -1a3 - -d1?
-b2
In base 12, what is -177 + 8276?
80bb
In base 11, what is 10 - 31820a?
-3181aa
In base 8, what is 0 + -160377?
-160377
In base 14, what is 12d3b - 16?
12d25
In base 16, what is -d9ad + 4?
-d9a9
In base 8, what is 2 + 1056061?
1056063
In base 16, what is -78771 - 0?
-78771
In base 11, what is 4 - -a249?
a252
In base 9, what is 0 + 25807?
25807
In base 5, what is 112 + 41442?
42104
In base 14, what is 261c7 - 2?
261c5
In base 5, what is 11103 - 302?
10301
In base 11, what is 267 - 1505?
-1249
In base 10, what is -1328191 + -2?
-1328193
In base 2, what is -1101010100110 - 110101?
-1101011011011
In base 11, what is -149 - 6a87?
-7125
In base 13, what is 1cb74 + -21?
1cb53
In base 14, what is 1dbc1 - 8?
1dbb7
In base 8, what is 2 - -61137?
61141
In base 6, what is -111 - 20133?
-20244
In base 6, what is -42435113 - 1?
-42435114
In base 7, what is 2 - 35660?
-35655
In base 10, what is 140 - 409?
-269
In base 2, what is -100111011 + 1101010001000?
1100101001101
In base 8, what is 31440 + 75?
31535
In base 10, what is 138655 + 7?
138662
In base 8, what is -2411 - 2122?
-4533
In base 10, what is 3 + 134487?
134490
In base 9, what is -364 + 5072?
4607
In base 16, what is -2a - -159f?
1575
In base 7, what is 512 - -364?
1206
In base 12, what is -269 - 7bb?
-a68
In base 5, what is 20420210 - -4?
20420214
In base 11, what is -a87a - -31?
-a849
In base 10, what is -129404 + -1?
-129405
In base 3, what is 2121121 + 10?
2121201
In base 6, what is 24 + 14544?
15012
In base 13, what is -2 + 31c2?
31c0
In base 15, what is 11572 - -3?
11575
In base 9, what is 127 + 1085?
1223
In base 6, what is 454 - -25105?
30003
In base 13, what is 46 + 569?
5b2
In base 5, what is -1030414 + 1?
-1030413
In base 13, what is -b969 + 5a?
-b90c
In base 10, what is 36 + 1013?
1049
In base 3, what is -1100211 + -2111102?
-10212020
In base 8, what is -4 - -145253?
145247
In base 7, what is -20036 - 2?
-20041
In base 7, what is 10 - -440406?
440416
In base 9, what is -18 + 5266?
5247
In base 14, what is 25 + 3c2?
407
In base 11, what is 55 - -77a?
824
In base 11, what is -3 - 42157?
-4215a
In base 2, what is -11100100110 + 11001?
-11100001101
In base 9, what is -1 - -133418?
133417
In base 6, what is -2223 - 4511?
-11134
In base 5, what is 320042 - 412?
314130
In base 14, what is 2 - -99bc0?
99bc2
In base 7, what is 0 + 1001260?
1001260
In base 2, what is 11000010010011101111 + -10?
11000010010011101101
In base 6, what is 4 - -23200131?
23200135
In base 15, what is -3e - cc8?
-d17
In base 10, what is 4103 + 152?
4255
In base 4, what is 13132111 - 3?
13132102
In base 2, what is 11 + 110010000101001?
110010000101100
In base 12, what is 38320 - 4?
38318
In base 2, what is 1100101011110 - -11111?
1100101111101
In base 15, what is 25141 - -3?
25144
In base 12, what is 6424 + -78?
6368
In base 16, what is 3d - -4e?
8b
In base 13, what is -4 - -748?
744
In base 16, what is 4 - 2a77?
-2a73
In base 8, w